
Let g(q) = 29*q**2 - 4*q - 3. Let y be g(-2). Suppose 4*w + 28 = 2*m - 12, 0 = 5*m - 3*w - y. What is the remainder when m is divided by 4?
2
Let i(z) = -5*z + 11. Let l = -158 + 245. Calculate the remainder when l is divided by i(-4).
25
Let q be 3 + 85 + (1 - -2). Suppose 7*a - 136 = 3*a + 5*s, -s = -3*a + q. Calculate the remainder when 85 is divided by a.
27
Suppose -36 - 189 = 5*w. Let f = -27 - w. Calculate the remainder when 70 is divided by f.
16
Let x(y) be the second derivative of -y**5/20 - y**4/6 + y**3 + 3*y**2 - 9*y. What is the remainder when 36 is divided by x(-4)?
8
Suppose -3*d + 81 = -3*p, -4*d + 4*p = -d - 82. What is the remainder when 36 is divided by (d/5)/(2/5)?
10
Let z(u) = u**2 - 37*u + 197. Let q be z(31). Let f = -2 - -4. Suppose q = 3*p - f*p. What is the remainder when p is divided by 4?
3
Let j = -28 - -32. What is the remainder when 61 is divided by (4 - (0 - 0))*j?
13
Suppose 4*u - 36 + 8 = 0. Let j(g) = 44*g**2 - 3*g. Calculate the remainder when j(1) is divided by u.
6
Let z be (-75)/(-5) + (-6)/9*3. Let m(k) = 4*k - 15. What is the remainder when m(z) is divided by 16?
5
Let q(j) be the third derivative of j**4/12 + j**3/6 - 12*j**2. Calculate the remainder when 62 is divided by q(10).
20
Let g(i) = -i**3 - 14*i**2 - 26*i + 1. Let y be 3 - 13 - (0 - -1*2). What is the remainder when g(y) is divided by 12*1 + (-2)/(-1)?
11
Let k be 62 + (2 + -2 - 4). Suppose 6*g = k - 10. Calculate the remainder when (-2)/(-9) + 1295/45 is divided by g.
5
Let x = 65 + -132. Let a = x - -124. Calculate the remainder when a is divided by 30.
27
Let b = -652 + 692. Calculate the remainder when 64 is divided by b.
24
Suppose -232 = -u + 5*n + 263, 4*u + 3*n = 1865. Calculate the remainder when u is divided by 110.
30
Let l be -8*((-11)/(-4) - 3). Suppose -4*a = -4*r - 64, -4*a + a = -l*r - 46. Calculate the remainder when a is divided by 3.
2
What is the remainder when 11 + (-1 + 315 - -11) is divided by 39?
24
Suppose 0 = -4*l + 2*q + 60, l = -0*l - 5*q + 4. Suppose -2*z - 4*u + 114 = 0, 0 = 5*z - 3*u - 112 - 147. What is the remainder when z is divided by l?
11
Let w(i) = -9 + 12 - 4. Let p(x) = -3*x**2 - 26*x + 10. Let t(r) = -p(r) + 5*w(r). What is the remainder when t(-12) is divided by 27?
24
Let v(y) = 31*y**3 + y - 1. Let o(h) = h**2 - 17*h + 53. What is the remainder when v(1) is divided by o(14)?
9
Suppose 2*u + 2*f = 4*f + 14, 4*u + 4*f - 12 = 0. Let a(n) = 5*n - 5. Calculate the remainder when a(u) is divided by (-2592)/(-162) + 1*1*-5.
9
Suppose v - 24 - 79 = 4*p, v - 106 = 5*p. Let t(y) = 4*y + 4*y**3 + 0*y**3 + 0*y + 427*y**2 - 430*y**2 - 5. What is the remainder when v is divided by t(2)?
22
Let v(u) = 2*u**3 - 4*u + 4. Calculate the remainder when 443 is divided by v(2).
11
Let u be 2 + 5 - (4 + -5). Calculate the remainder when 79 is divided by 14/(u/30 - 8/(-20)).
16
Let w be (2 + 2 - 2) + -3. What is the remainder when (339 + 1)*1/(-2)*w is divided by 43?
41
Let a = 314 - 270. Suppose -3 - 3 = 3*j. What is the remainder when a is divided by (-3 - -4)/(j/(-30))?
14
Suppose -2*m + 161 = 3*r, 0 = -m - 6 + 1. Suppose 104 = -3*z + 431. What is the remainder when z is divided by r?
52
Suppose -14*t + 24*t - 690 = 0. What is the remainder when 245 is divided by t?
38
Suppose 5*s + 3*v = -19, 0*s - s + 3*v = -7. What is the remainder when s/3*12/(-16)*50 is divided by 13?
12
Suppose 0 = 119*i - 114*i - 175. What is the remainder when 202 is divided by i?
27
Let l = -3 - -23. Let y = 5 + l. Suppose 0 = -4*o + 22 + 38. Calculate the remainder when y is divided by o.
10
Let o(a) = 7*a**2 - 6*a + 2. Let d be o(2). Suppose 0 = -9*v + 3*v + d. Calculate the remainder when v is divided by (0 + 6)*3/9.
1
Let v = 53 + 29. Suppose 5*p = 342 - v. Suppose 5*s + 17 = p. Calculate the remainder when s is divided by 3.
1
Let t be 1*0/(4 + -6). Suppose 22 = -t*u + u - 3*w, -3*u + 61 = -4*w. Calculate the remainder when 36 is divided by u.
17
Let l = -25 - -37. What is the remainder when l*((-21)/(-6) - 3) is divided by 2/(-8) - 42/(-8)?
1
Let c = 2337 - 2138. What is the remainder when c is divided by 41?
35
Let t(b) be the third derivative of b**5/60 + b**4/6 + 7*b**3/3 + 15*b**2. What is the remainder when t(-8) is divided by 7?
4
Let v be 16/12*6/4. Suppose -v*x + 41 = 5. What is the remainder when x is divided by 7?
4
Let i = -12 + 26. Let q(h) = -h**3 + 13 - 7*h - 11 + 11*h**2 + 21*h. Calculate the remainder when q(12) is divided by i.
12
Let i(c) be the first derivative of 8*c**3/3 - 2*c**2 + 2*c - 1. Suppose -9 = -3*w, -2*d + 4*w - 57 = -59. What is the remainder when i(2) is divided by d?
5
Let i(b) = -56*b - 522. Calculate the remainder when i(-12) is divided by 37.
2
Let j = -423 - -456. Suppose -5*a = 4*i - 0*i - 365, -4*i + 368 = 4*a. Calculate the remainder when i is divided by j.
29
Suppose -47 = 2*h - 3*u - 215, -5*h = -4*u - 420. Calculate the remainder when h is divided by 26.
6
Suppose 25 = l - 4*j, -5*l + 48 = j - 182. Let x(o) = -10*o - 34. Let m be x(-3). Calculate the remainder when l is divided by ((-96)/(-20) + m)*1*20.
13
Let b = -1884 - -1926. What is the remainder when 118 is divided by b?
34
Let o(t) = 15*t - 124. Calculate the remainder when 686 is divided by o(14).
84
Let p(r) = 6*r**2 - 8*r + 25. Calculate the remainder when p(4) is divided by 33.
23
Let b(p) = -3*p**3 - 71*p**2 + 25*p + 96. Calculate the remainder when 284 is divided by b(-24).
68
Suppose -4*t + 13*y = 11*y - 1458, -1097 = -3*t - 2*y. What is the remainder when t is divided by 37?
32
Let u be 135/2*(-4)/(-3). Suppose -u = -4*y + 70. What is the remainder when y is divided by 21?
19
Suppose -8*x + 215 = -3*x. Let q(b) be the second derivative of 5*b**3/6 - b**2 - 3*b. Calculate the remainder when x is divided by q(5).
20
Suppose d = 2*h + 230 + 11, 3*d - 2*h = 735. Calculate the remainder when d is divided by 10.
7
Suppose 0 = 24*a - 5*a - 893. Calculate the remainder when a is divided by 8.
7
Let c be (30/25)/((-4)/(-10)). Let g(y) = 41*y + 24. Calculate the remainder when g(c) is divided by 30.
27
Let d be ((-3)/(-3) + -3)*-2. Suppose -5*j = 3*i - 1175, -2*i + 5*i - 1139 = d*j. Calculate the remainder when i/9 - (-2)/9 is divided by 22.
21
Suppose -2*m + 0*m - 2*v = 2, 0 = 3*v + 3. Suppose -2*h + 4*h + 2 = m. Calculate the remainder when (h/(-2))/(1/54) is divided by 7.
6
Suppose -17 = -5*x + 38. Let g be 2/(-6)*(-1 - -373)/(-2). Let o = g + -59. What is the remainder when x is divided by o?
2
Let m(c) = -c**3 - c**2 + c + 2. Let u = 11 + -7. What is the remainder when (-70)/u*12/(-15) is divided by m(-2)?
2
Suppose 3*n + 2 = -1. Let m = -107 + 165. What is the remainder when m is divided by -1 + (2 - n) + 18?
18
Let k be (1 + (-3)/(-3))/(7/14). Suppose 3*b + k*i - 34 = 0, 5*b - 5*i - 1 = 9. Calculate the remainder when 16 is divided by b.
4
Let a(l) = -12*l + 12. Let f be a(6). Let x = -29 - f. Suppose 0*b - x = -3*r + b, 3*r - 3*b = 33. What is the remainder when 27 is divided by r?
7
What is the remainder when 6/5*(12 - 31392/(-54)) is divided by 143?
140
Let m(k) = 3*k**2 + 6*k - 8. What is the remainder when m(-6) is divided by (20/8)/(376/16 - 23)?
4
Suppose -3*t - 4*n = -101 - 0, 5*t - 130 = n. What is the remainder when t is divided by 9?
0
Let f(r) be the second derivative of r**4/3 - 17*r**3/6 + r**2/2 + 8*r. Calculate the remainder when 26 is divided by f(5).
10
Suppose -4*h - 336 = -20*h. Let y(r) = -16*r**3 - r**2. Let j be y(-2). Suppose -5*d + j = -3*d. Calculate the remainder when d is divided by h.
20
Let l = -11 + 9. Let y be (1 + 2)/(l/(-2)). Suppose 3*d - 150 = -y*g, 6*d - 2*g = d + 222. Calculate the remainder when d is divided by 12.
10
Let s(x) = -x**2 - 20*x - 2. Let q be 1 + 2/(6/(-39)). Calculate the remainder when s(q) is divided by 24.
22
Let q = 49 - 41. Let o be (7 + 2)*(0 + 1). Let f = 21 + o. What is the remainder when f is divided by q?
6
Let b(f) = f**3 - 11*f**2 + 3*f - 8. Let s be b(11). Suppose 0 = -5*h + 5*j + s, 3*h - 2*h - 5*j = 1. Calculate the remainder when 15 is divided by h.
3
Let i(w) = -w + 19. Let y be i(7). Suppose -6*j = -y - 84. Calculate the remainder when 78 is divided by j.
14
Let v = 31 - -106. What is the remainder when v is divided by 35?
32
Let l = -33 + 38. Calculate th